 be z(0). Let k = -8 - h. What is the highest common factor of k and 66?
6
Let w be 2/(-4)*(-144 - -6). Suppose w = 2*o - 3*z, -2*o - z + 2*z = -71. What is the greatest common factor of o and 9?
9
Suppose -3*t + 4*h = -250, -6*h = 4*t - h - 385. Let m be (4 - 20)*3/4. Let u = -2 - m. What is the greatest common divisor of u and t?
10
Suppose -180*l + 149*l + 3472 = 0. Suppose 0*p - 2*p + 32 = 0. Calculate the highest common factor of p and l.
16
Let p(l) = -l**2 + 19*l + 25. Let b be p(20). Calculate the greatest common divisor of 55 and b.
5
Suppose 4*d - 20 = 0, -68*a = -73*a + 4*d + 140. Suppose 7 = -5*w - 8. Let q be (-22)/w - 2/(-3). Calculate the highest common divisor of a and q.
8
Suppose 14374 = 27*y - 2636. What is the greatest common factor of 270 and y?
90
Let t = 7 - 32. Let r = -14 - t. Calculate the highest common factor of r and 1.
1
Let g = 1809 + -1256. Let p = g - 393. Calculate the highest common factor of p and 20.
20
Let w = 629 + -521. Calculate the highest common divisor of 27 and w.
27
Let c(h) = -11*h + 300. Let g be c(0). What is the highest common factor of g and 20?
20
Suppose -92 = 18*a - 41*a. Calculate the greatest common divisor of 64 and a.
4
Let h(f) = f**3 - 2*f**2 - f - 12. Let s be h(0). Let w be (s/2)/6*(0 - 162). What is the greatest common divisor of 18 and w?
18
Let f(x) = -x + 1. Let b(h) = h + 1. Let p be b(4). Suppose 2*q + p = n, n + 3 + 7 = -3*q. Let c be f(q). Calculate the greatest common divisor of c and 24.
4
Let y(x) = -x**3 - x**2 - x + 10. Let h be y(0). Suppose 2*m = 4*j + 28, -17*m = -20*m + j + 57. Calculate the highest common factor of h and m.
10
Let d = -204 - -501. Calculate the highest common factor of 44 and d.
11
Let c = -54 - -57. Let n be ((-3)/(-5))/(c/435). Calculate the greatest common divisor of 58 and n.
29
Let u = 552 + -532. What is the greatest common divisor of u and 20?
20
Let y be (-3 - -2)/((-3)/63). Let x = y - 13. Suppose 3*k - x*k = 2*r - 135, -4*r = -2*k + 30. Calculate the highest common divisor of k and 100.
25
Let i be 12/10*2015/39. Calculate the highest common factor of i and 558.
62
Let r be -4*(-6)/((-24)/(-5)). Suppose r*v + 22 = 222. Calculate the highest common divisor of 5 and v.
5
Suppose 13*v - 2*v = 528. Let g = -336 + 720. What is the greatest common factor of v and g?
48
Let n(u) = u - 1. Let j(b) = -1. Let l(v) = 5*j(v) - 3*n(v). Let g be l(-5). What is the greatest common factor of 13 and g?
13
Let d be 0 + 15 + (-3)/3. Let p = 182 + -140. Calculate the highest common divisor of p and d.
14
Let m(f) = f**2 + 5*f - 6. Let j be m(-7). Suppose -51 = 5*q - j*q. Calculate the highest common factor of q and 34.
17
Suppose 59 - 51 = -4*w. Let r be 104/(-39)*15/w. Let x = 38 - 18. What is the highest common factor of r and x?
20
Suppose 7*m - 159 = 156. Calculate the greatest common divisor of m and 360.
45
Suppose -8*t + 8522 = 1722. Calculate the greatest common factor of 50 and t.
50
Suppose -16*t = -25*t + 882. Let m be (t/21)/((-2)/(-6)). What is the greatest common factor of m and 8?
2
Let i(h) = -h**2 - h + 17. Let o be i(-4). Suppose -5*w = 2*d - 188 + 35, -o*w + 2*d + 137 = 0. Calculate the greatest common divisor of w and 203.
29
Suppose 40 = 4*n - 8. Let i = 219 - 211. Calculate the greatest common divisor of i and n.
4
Suppose -j + 50 = -0*j. Let p = j + -86. Let q be (p + -2)/(2/(-4)). What is the highest common divisor of q and 19?
19
Suppose -4*v + 370 = 5*b + v, 0 = 4*b + 2*v - 288. Calculate the greatest common divisor of b and 770.
70
Let d(j) = j**3 - 14*j**2 + 13*j + 1. Let q be d(13). Let t = q - -10. Calculate the greatest common divisor of 44 and t.
11
Let u be 4/(-4) - -19 - 0. Suppose 0 = 6*c - 4*c + u. Let a be 2*((-2187)/6)/c. What is the highest common factor of a and 9?
9
Let x be (-1)/(-6) + (-15 - (-1515)/90). Calculate the highest common divisor of 41 and x.
1
Let p = 0 - -2. Let x(t) = t + 4 + 4 + 0 - 2. Let m be x(-3). What is the highest common divisor of m and p?
1
Suppose -2*j - 5*b = -236, 11*j - 10*j - 4*b = 92. What is the greatest common factor of 24 and j?
12
Suppose 4*a - 46 = 6. What is the greatest common divisor of a and 169?
13
Let w = 496 + -401. What is the greatest common divisor of w and 2755?
95
Suppose -61 = -k + 59. Calculate the greatest common divisor of k and 90.
30
Let q = 114 + -111. What is the highest common factor of 21 and q?
3
Suppose 300 = 49*t - 34*t. What is the greatest common divisor of t and 12?
4
Suppose -2*b = 0, 3*w + b - 264 = 6*b. Suppose 0 = -4*v - 2*a + 84, 4*v - 2*a - 60 = 16. Let j = v + -9. What is the highest common factor of j and w?
11
Suppose 17*w - 1872 = 1018. Calculate the highest common factor of w and 68.
34
Suppose 42 + 57 = a. Let q = -96 + a. Let k be ((-6)/(-7))/((-1)/(-7)). What is the highest common divisor of k and q?
3
Suppose -52 = 15*p + 8. Let q be 0 + 3/p + 139/4. Calculate the highest common divisor of q and 2.
2
Let d(b) = -53*b - 67. Suppose 2*x - z - 2*z - 2 = 0, 27 = -3*x - 3*z. Let w be d(x). What is the highest common divisor of 22 and w?
22
Let k(x) = x**3 + 4*x**2 + 2*x - 2. Suppose 4*r - 36 = 36. Let d be (-9)/r*(0 + 4). Let c be k(d). What is the highest common divisor of 2 and c?
2
Let j be (-9)/(405/(-6)) + (-1788)/(-90). Let o(w) = 2*w - 5. Let u be o(6). Let x = u - 3. Calculate the greatest common divisor of x and j.
4
Let l = -823 + 827. Calculate the greatest common divisor of l and 14.
2
Let p = -2 + 5. Suppose -p*i - i = -248. Let o be (-2 + 17)*217/21. What is the highest common divisor of o and i?
31
Suppose 22*o - 1000 = 12*o. Calculate the highest common factor of o and 10.
10
Let i(j) = 61*j - 23. Let o be i(4). Calculate the greatest common divisor of o and 17.
17
Let v be -2 - -1 - 3 - -38. Let i = v - 21. What is the greatest common factor of i and 91?
13
Let p(w) = -w**3 - 13*w**2 + 2*w + 6. Let x be p(-13). Let l be 323/6 + x/24 + 1. Calculate the highest common factor of 36 and l.
18
Suppose -25 = -3*s + 263. Let f = s - 88. Calculate the highest common factor of 8 and f.
8
Suppose 0 = 8*m - 5*m - 12. Let z(f) = -21*f + 8. Let d be z(0). Calculate the greatest common factor of m and d.
4
Let k = 57 + -25. Suppose 3*i + 3*i = 0. Let m be (i/(-4))/(-4) - -4. Calculate the greatest common divisor of m and k.
4
Let v(d) = -d**3 + 3*d**2 + 14*d + 1. Let y be v(5). Calculate the greatest common divisor of y and 294.
21
Let f = 282 - 265. What is the greatest common factor of 2363 and f?
17
Suppose 0 = n - 3*n - m + 13, 0 = -5*n + m + 36. Suppose -n*x = 68 + 142. Let g be 2*(-4 - x/4). What is the greatest common divisor of 56 and g?
7
Let u(k) = k**3 - 3*k**2 + 4*k + 4. Suppose 5*s = 14 + 6. Let q be u(s). Calculate the greatest common factor of q and 9.
9
Let l be (5/(-20) - (-65)/4)/1. What is the highest common divisor of 752 and l?
16
Let q(c) = c**3 - 20*c**2 - 21*c + 10. Let x be q(21). Suppose 3*k - x - 26 = 3*u, 2*k - 4*u = 24. What is the greatest common factor of k and 4?
4
Suppose -11 = 3*k - 23. Suppose h - 8 = k*r, 0 = -3*r - 1 + 13. What is the highest common divisor of h and 3?
3
Let z(i) = i**2 + 3*i - 12. Let s be z(-6). Let c be 2 - 3*s/9. Suppose -22 = -4*l + 5*m, 5*l - 36 + c = 2*m. Calculate the greatest common factor of 8 and l.
8
Suppose -x + 4*k = -10 - 12, 10 = 5*x + 5*k. Calculate the greatest common factor of 10 and x.
2
Suppose -l = -2*b + 5, 5*b - 5*l + 4*l - 14 = 0. Let o be (-63)/(-1) + (b - 6). What is the highest common divisor of o and 15?
15
Let p = -179 - -221. Calculate the highest common divisor of 546 and p.
42
Suppose 0*p = -p + 4. Let j(l) = -24*l**3 + 4*l**2 + 0*l - 25*l**3 + 48*l**3 + 3*l. Let r be j(p). Calculate the greatest common divisor of 12 and r.
12
Suppose 0 = 19*j - 15*j + 96. Let g = 27 + j. Suppose -8*l + 220 = -g*l. What is the highest common factor of l and 11?
11
Suppose 2*k + i - 53 = -0*k, -2*k - 5*i = -73. Suppose 4*s - k - 24 = 0. Let l be ((-21)/9)/((-2)/s). Calculate the greatest common factor of l and 98.
14
Let c be ((-3)/(-5) - 231/110)*-2. Suppose 27 = c*w + 3*h, -16 = -3*w + 3*h + 17. Calculate the greatest common divisor of w and 2.
2
Let p(v) = -2*v**3 + 20*v**2 - 32*v + 159. Let n be p(8). What is the greatest common divisor of n and 636?
159
Let l be 4